{"id":14070,"date":"2025-07-02T13:42:44","date_gmt":"2025-07-02T12:42:44","guid":{"rendered":"https:\/\/parolesetmusique-lyon.org\/?ajde_events=venez-a-la-decouverte-de-lassociation"},"modified":"2025-09-13T17:23:56","modified_gmt":"2025-09-13T16:23:56","slug":"venez-a-la-decouverte-de-lassociation","status":"publish","type":"ajde_events","link":"https:\/\/parolesetmusique-lyon.org\/?ajde_events=venez-a-la-decouverte-de-lassociation","title":{"rendered":"Venez \u00e0 la d\u00e9couverte de l&rsquo;association avec le DUO IGNIS"},"content":{"rendered":"\n\n\n<p><strong>15h30 &#8211;&nbsp; assembl\u00e9e g\u00e9n\u00e9rale<\/strong><\/p>\n<p>16h &#8211; Concert duo de piano<\/p>\n\n\n\n<div class=\"gmail_default\">Duo IGNIS , piano \u00e0 quatre mains.<\/div>\n<div class=\"gmail_default\">Aude-Liesse MICHEL et Ezequiel CASTRO.<\/div>\n<div class=\"gmail_default\">&nbsp;<\/div>\n<div class=\"gmail_default\">Li\u00e9s par une solide amiti\u00e9&nbsp; et le souhait commun de valoriser le r\u00e9pertoire \u00e0 quatre mains ,Ezequiel et Aude-Liesse d\u00e9cident de travailler ensemble depuis 3 ans.<\/div>\n<div class=\"gmail_default\">Tous deux issus des grandes \u00e9coles sup\u00e9rieures (CNSM de LYON, de PARIS ainsi que HEM de GENEVE) ils ont \u00e0 leur actif un parcours extr\u00e8mement brillant.<\/div>\n<div class=\"gmail_default\">Ensemble ils rassemblent leurs forces afin de proposer un programme du XXe si\u00e8cle .<\/div>\n\n\n\n<div style=\"height:100px\" aria-hidden=\"true\" class=\"wp-block-spacer\"><\/div>\n\n\n\n<h3>Programme<\/h3>\n<div class=\"gmail_default\">M. RAVEL -1875-1937.\u00a0 \u00a0 \u00a0La Valse &#8211; Ma m\u00e8re l&rsquo;Oye-<\/div>\n<div class=\"gmail_default\">I.STAVINSKY -1882-1971- Le Sacre du Printemps.<\/div>\n<div class=\"gmail_default\">\u00a0<\/div>\n<div class=\"gmail_default\">\u00a0<\/div>\n\n\n\n<div class=\"wp-block-file\"><a id=\"wp-block-file--media-a4e02251-9ad3-469d-b1dd-9a427d36d542\" href=\"https:\/\/parolesetmusique-lyon.org\/wp-content\/uploads\/2025\/07\/PROGRAMME-DU-28.09.2025-glisses.pdf\" target=\"_blank\" rel=\"noreferrer noopener\">PROGRAMME DU 28.09.2025<\/a><a href=\"https:\/\/parolesetmusique-lyon.org\/wp-content\/uploads\/2025\/07\/PROGRAMME-DU-28.09.2025-glisses.pdf\" class=\"wp-block-file__button wp-element-button\" download aria-describedby=\"wp-block-file--media-a4e02251-9ad3-469d-b1dd-9a427d36d542\">T\u00e9l\u00e9charger<\/a><\/div>\n\n\n\n<div class=\"wp-block-file\"><a id=\"wp-block-file--media-d5f66cc0-11b5-44dc-83d8-b07289d04245\" href=\"https:\/\/parolesetmusique-lyon.org\/wp-content\/uploads\/2025\/07\/PROGRAMME-DU-28.09.2025-glisses-1.pdf\">BIOGRAPHIE DES MUSICIENS<\/a><a href=\"https:\/\/parolesetmusique-lyon.org\/wp-content\/uploads\/2025\/07\/PROGRAMME-DU-28.09.2025-glisses-1.pdf\" class=\"wp-block-file__button wp-element-button\" download aria-describedby=\"wp-block-file--media-d5f66cc0-11b5-44dc-83d8-b07289d04245\">T\u00e9l\u00e9charger<\/a><\/div>\n\n\n","protected":false},"author":6,"featured_media":14071,"menu_order":0,"comment_status":"closed","ping_status":"closed","template":"","meta":{"_coblocks_attr":"","_coblocks_dimensions":"","_coblocks_responsive_height":"","_coblocks_accordion_ie_support":"","_exactmetrics_skip_tracking":false,"_exactmetrics_sitenote_active":false,"_exactmetrics_sitenote_note":"","_exactmetrics_sitenote_category":0},"tags":[],"event_type":[73],"event_type_2":[],"class_list":["post-14070","ajde_events","type-ajde_events","status-publish","has-post-thumbnail","hentry","event_location-saint-didier-au-mont-dor","event_type-event-pm"],"_links":{"self":[{"href":"https:\/\/parolesetmusique-lyon.org\/index.php?rest_route=\/wp\/v2\/ajde_events\/14070","targetHints":{"allow":["GET"]}}],"collection":[{"href":"https:\/\/parolesetmusique-lyon.org\/index.php?rest_route=\/wp\/v2\/ajde_events"}],"about":[{"href":"https:\/\/parolesetmusique-lyon.org\/index.php?rest_route=\/wp\/v2\/types\/ajde_events"}],"author":[{"embeddable":true,"href":"https:\/\/parolesetmusique-lyon.org\/index.php?rest_route=\/wp\/v2\/users\/6"}],"replies":[{"embeddable":true,"href":"https:\/\/parolesetmusique-lyon.org\/index.php?rest_route=%2Fwp%2Fv2%2Fcomments&post=14070"}],"wp:featuredmedia":[{"embeddable":true,"href":"https:\/\/parolesetmusique-lyon.org\/index.php?rest_route=\/wp\/v2\/media\/14071"}],"wp:attachment":[{"href":"https:\/\/parolesetmusique-lyon.org\/index.php?rest_route=%2Fwp%2Fv2%2Fmedia&parent=14070"}],"wp:term":[{"taxonomy":"post_tag","embeddable":true,"href":"https:\/\/parolesetmusique-lyon.org\/index.php?rest_route=%2Fwp%2Fv2%2Ftags&post=14070"},{"taxonomy":"event_type","embeddable":true,"href":"https:\/\/parolesetmusique-lyon.org\/index.php?rest_route=%2Fwp%2Fv2%2Fevent_type&post=14070"},{"taxonomy":"event_type_2","embeddable":true,"href":"https:\/\/parolesetmusique-lyon.org\/index.php?rest_route=%2Fwp%2Fv2%2Fevent_type_2&post=14070"}],"curies":[{"name":"wp","href":"https:\/\/api.w.org\/{rel}","templated":true}]}}

Venez à la découverte de l&rsquo;association avec le DUO IGNIS

<p><strong>15h30 &#8211;&nbsp; assemblée générale</strong></p>
<p>16h &#8211; Concert duo de piano</p>



<div class="gmail_default">Duo IGNIS , piano à quatre mains.</div>
<div class="gmail_default">Aude-Liesse MICHEL et Ezequiel CASTRO.</div>
<div class="gmail_default">&nbsp;</div>
<div class="gmail_default">Liés par une solide amitié&nbsp; et le souhait commun de valoriser le répertoire à quatre mains ,Ezequiel et Aude-Liesse décident de travailler ensemble depuis 3 ans.</div>
<div class="gmail_default">Tous deux issus des grandes écoles supérieures (CNSM de LYON, de PARIS ainsi que HEM de GENEVE) ils ont à leur actif un parcours extrèmement brillant.</div>
<div class="gmail_default">Ensemble ils rassemblent leurs forces afin de proposer un programme du XXe siècle .</div>



<div style="height:100px" aria-hidden="true" class="wp-block-spacer"></div>



<h3>Programme</h3>
<div class="gmail_default">M. RAVEL -1875-1937.     La Valse &#8211; Ma mère l&rsquo;Oye-</div>
<div class="gmail_default">I.STAVINSKY -1882-1971- Le Sacre du Printemps.</div>
<div class="gmail_default"> </div>
<div class="gmail_default"> </div>



<div class="wp-block-file"><a id="wp-block-file--media-a4e02251-9ad3-469d-b1dd-9a427d36d542" href="https://parolesetmusique-lyon.org/wp-content/uploads/2025/07/PROGRAMME-DU-28.09.2025-glisses.pdf" target="_blank" rel="noreferrer noopener">PROGRAMME DU 28.09.2025</a><a href="https://parolesetmusique-lyon.org/wp-content/uploads/2025/07/PROGRAMME-DU-28.09.2025-glisses.pdf" class="wp-block-file__button wp-element-button" download aria-describedby="wp-block-file--media-a4e02251-9ad3-469d-b1dd-9a427d36d542">Télécharger</a></div>



<div class="wp-block-file"><a id="wp-block-file--media-d5f66cc0-11b5-44dc-83d8-b07289d04245" href="https://parolesetmusique-lyon.org/wp-content/uploads/2025/07/PROGRAMME-DU-28.09.2025-glisses-1.pdf">BIOGRAPHIE DES MUSICIENS</a><a href="https://parolesetmusique-lyon.org/wp-content/uploads/2025/07/PROGRAMME-DU-28.09.2025-glisses-1.pdf" class="wp-block-file__button wp-element-button" download aria-describedby="wp-block-file--media-d5f66cc0-11b5-44dc-83d8-b07289d04245">Télécharger</a></div>
