{"id":14075,"date":"2025-07-02T13:55:04","date_gmt":"2025-07-02T12:55:04","guid":{"rendered":"https:\/\/parolesetmusique-lyon.org\/?ajde_events=trio-parhelie"},"modified":"2025-10-15T17:34:32","modified_gmt":"2025-10-15T16:34:32","slug":"trio-parhelie","status":"publish","type":"ajde_events","link":"https:\/\/parolesetmusique-lyon.org\/?ajde_events=trio-parhelie","title":{"rendered":"TRIO PARHELIE"},"content":{"rendered":"\n\n\n<p><strong>Violon, violoncelle et piano<\/strong><\/p>\n<p>Lilya CHIFMAN : violon<br>Enguerrand BONTOUX : violoncelle<br>Ivan FOUCHER : piano<\/p>\n\n\n\n\n\n<h3>Programme<\/h3>\n<p>ARENSKY, LISZT, 1er trio MENDELSSOHN<\/p>\n\n\n\n<div style=\"height:100px\" aria-hidden=\"true\" class=\"wp-block-spacer\"><\/div>\n\n\n\n<div>\n<div id=\"m_-7291413229426265405article\" role=\"article\">\n<div>\n<div>\n<div>\n<div>\n<div>\n<div>\n<h3>Le trio\u00a0<strong>Parh\u00e9lie<\/strong><\/h3>\n<p>Le trio\u00a0<strong>Parh\u00e9lie<\/strong>\u00a0tient son nom d\u2019un ph\u00e9nom\u00e8ne m\u00e9t\u00e9orologique rare et fugace, qui se produit lorsque les rayons du soleil, bas \u00e0 l\u2019horizon, traversent un nuage de cristaux de glace ; gr\u00e2ce \u00e0 un ph\u00e9nom\u00e8ne de r\u00e9fraction lumineuse, trois astres semblent appara\u00eetre dans un halo solaire.<\/p>\n<\/div>\n<\/div>\n<\/div>\n<\/div>\n<\/div>\n<\/div>\n<\/div>\n<\/div>\n<p>Le Trio Parh\u00e9lie int\u00e8gre cette id\u00e9e fondatrice comme matrice de son esth\u00e9tique ; il interpr\u00e8te les \u0153uvres en termes d\u2019\u00e9clairages, de couleurs, de r\u00e9verb\u00e9rations, ce qui le pousse \u00e0 questionner sans cesse son interpr\u00e9tation et son regard sur le r\u00e9pertoire.<\/p>\n<div>\n<div id=\"m_-7291413229426265405article\" role=\"article\">\n<div>\n<div>\n<div>\n<div>\n<div>\n<div>\n<div id=\"m_-7291413229426265405article\" role=\"article\">\n<div>\n<div>\n<div>\n<div>\n<div>\n<div>\n<p>En 2023, le Trio Parh\u00e9lie obtient le 1e prix du Concours Europ\u00e9en de la FNAPEC, le prix du Trio avec Piano au festival ISA (Autriche) et est finaliste du Concours International de Musique de Chambre de Lyon. Le trio est \u00e9galement Laur\u00e9at boursier de la Fondation Soci\u00e9t\u00e9 G\u00e9n\u00e9rale \u00ab C\u2019est vous l\u2019avenir \u00bb pour les ann\u00e9es 2024 et 2025.<\/p>\n<\/div>\n<\/div>\n<\/div>\n<\/div>\n<\/div>\n<\/div>\n<\/div>\n<\/div>\n<\/div>\n<\/div>\n<\/div>\n<\/div>\n<\/div>\n<\/div>\n<\/div>\n<div>\n<div id=\"m_-7291413229426265405article\" role=\"article\">\n<div>\n<div>\n<div>\n<div>\n<div>\n<div>\n<div id=\"m_-7291413229426265405article\" role=\"article\">\n<div>\n<div>\n<div>\n<div>\n<div>\n<div>\n<p>Il est \u00e9galement soutenu par le fonds de dotation\u00a0<em><strong>Talents &amp; Violon\u2019celles<\/strong><\/em>, pour le pr\u00eat d\u2019un violon Claude Pierray de 1714 ainsi qu\u2019un violoncelle Bernardel P\u00e8re de 1840.\u00a0<\/p>\n<\/div>\n<\/div>\n<\/div>\n<\/div>\n<\/div>\n<\/div>\n<\/div>\n<\/div>\n<\/div>\n<\/div>\n<\/div>\n<\/div>\n<\/div>\n<\/div>\n<\/div>\n\n\n\n\n\n\n\n\n","protected":false},"author":6,"featured_media":14076,"menu_order":0,"comment_status":"closed","ping_status":"closed","template":"","meta":{"_coblocks_attr":"","_coblocks_dimensions":"","_coblocks_responsive_height":"","_coblocks_accordion_ie_support":"","_exactmetrics_skip_tracking":false,"_exactmetrics_sitenote_active":false,"_exactmetrics_sitenote_note":"","_exactmetrics_sitenote_category":0},"tags":[],"event_type":[73],"event_type_2":[],"class_list":["post-14075","ajde_events","type-ajde_events","status-publish","has-post-thumbnail","hentry","event_location-goethe-institut","event_type-event-pm"],"_links":{"self":[{"href":"https:\/\/parolesetmusique-lyon.org\/index.php?rest_route=\/wp\/v2\/ajde_events\/14075","targetHints":{"allow":["GET"]}}],"collection":[{"href":"https:\/\/parolesetmusique-lyon.org\/index.php?rest_route=\/wp\/v2\/ajde_events"}],"about":[{"href":"https:\/\/parolesetmusique-lyon.org\/index.php?rest_route=\/wp\/v2\/types\/ajde_events"}],"author":[{"embeddable":true,"href":"https:\/\/parolesetmusique-lyon.org\/index.php?rest_route=\/wp\/v2\/users\/6"}],"replies":[{"embeddable":true,"href":"https:\/\/parolesetmusique-lyon.org\/index.php?rest_route=%2Fwp%2Fv2%2Fcomments&post=14075"}],"wp:featuredmedia":[{"embeddable":true,"href":"https:\/\/parolesetmusique-lyon.org\/index.php?rest_route=\/wp\/v2\/media\/14076"}],"wp:attachment":[{"href":"https:\/\/parolesetmusique-lyon.org\/index.php?rest_route=%2Fwp%2Fv2%2Fmedia&parent=14075"}],"wp:term":[{"taxonomy":"post_tag","embeddable":true,"href":"https:\/\/parolesetmusique-lyon.org\/index.php?rest_route=%2Fwp%2Fv2%2Ftags&post=14075"},{"taxonomy":"event_type","embeddable":true,"href":"https:\/\/parolesetmusique-lyon.org\/index.php?rest_route=%2Fwp%2Fv2%2Fevent_type&post=14075"},{"taxonomy":"event_type_2","embeddable":true,"href":"https:\/\/parolesetmusique-lyon.org\/index.php?rest_route=%2Fwp%2Fv2%2Fevent_type_2&post=14075"}],"curies":[{"name":"wp","href":"https:\/\/api.w.org\/{rel}","templated":true}]}}

<p><strong>Violon, violoncelle et piano</strong></p>
<p>Lilya CHIFMAN : violon<br>Enguerrand BONTOUX : violoncelle<br>Ivan FOUCHER : piano</p>





<h3>Programme</h3>
<p>ARENSKY, LISZT, 1er trio MENDELSSOHN</p>



<div style="height:100px" aria-hidden="true" class="wp-block-spacer"></div>



<div>
<div id="m_-7291413229426265405article" role="article">
<div>
<div>
<div>
<div>
<div>
<div>
<h3>Le trio <strong>Parhélie</strong></h3>
<p>Le trio <strong>Parhélie</strong> tient son nom d’un phénomène météorologique rare et fugace, qui se produit lorsque les rayons du soleil, bas à l’horizon, traversent un nuage de cristaux de glace ; grâce à un phénomène de réfraction lumineuse, trois astres semblent apparaître dans un halo solaire.</p>
</div>
</div>
</div>
</div>
</div>
</div>
</div>
</div>
<p>Le Trio Parhélie intègre cette idée fondatrice comme matrice de son esthétique ; il interprète les œuvres en termes d’éclairages, de couleurs, de réverbérations, ce qui le pousse à questionner sans cesse son interprétation et son regard sur le répertoire.</p>
<div>
<div id="m_-7291413229426265405article" role="article">
<div>
<div>
<div>
<div>
<div>
<div>
<div id="m_-7291413229426265405article" role="article">
<div>
<div>
<div>
<div>
<div>
<div>
<p>En 2023, le Trio Parhélie obtient le 1e prix du Concours Européen de la FNAPEC, le prix du Trio avec Piano au festival ISA (Autriche) et est finaliste du Concours International de Musique de Chambre de Lyon. Le trio est également Lauréat boursier de la Fondation Société Générale « C’est vous l’avenir » pour les années 2024 et 2025.</p>
</div>
</div>
</div>
</div>
</div>
</div>
</div>
</div>
</div>
</div>
</div>
</div>
</div>
</div>
</div>
<div>
<div id="m_-7291413229426265405article" role="article">
<div>
<div>
<div>
<div>
<div>
<div>
<div id="m_-7291413229426265405article" role="article">
<div>
<div>
<div>
<div>
<div>
<div>
<p>Il est également soutenu par le fonds de dotation <em><strong>Talents &amp; Violon’celles</strong></em>, pour le prêt d’un violon Claude Pierray de 1714 ainsi qu’un violoncelle Bernardel Père de 1840. </p>
</div>
</div>
</div>
</div>
</div>
</div>
</div>
</div>
</div>
</div>
</div>
</div>
</div>
</div>
</div>
