{"id":14135,"date":"2025-10-15T17:26:29","date_gmt":"2025-10-15T16:26:29","guid":{"rendered":"https:\/\/parolesetmusique-lyon.org\/?ajde_events=yuki-ito"},"modified":"2025-10-15T17:30:13","modified_gmt":"2025-10-15T16:30:13","slug":"yuki-ito","status":"publish","type":"ajde_events","link":"https:\/\/parolesetmusique-lyon.org\/?ajde_events=yuki-ito","title":{"rendered":"Yuki ITO"},"content":{"rendered":"\n\n\n<p><strong>R\u00e9cital de piano<\/strong><\/p>\n\n\n\n\n\n<h3>Programme<\/h3>\n<p>L&rsquo;int\u00e9grale des pr\u00e9ludes de F. Chopin et R. Schumann, Sc\u00e8nes d&rsquo;enfants.<\/p>\n\n\n\n\n\n\n\n\n\n\n","protected":false},"author":6,"featured_media":14136,"menu_order":0,"comment_status":"closed","ping_status":"closed","template":"","meta":{"_coblocks_attr":"","_coblocks_dimensions":"","_coblocks_responsive_height":"","_coblocks_accordion_ie_support":"","_exactmetrics_skip_tracking":false,"_exactmetrics_sitenote_active":false,"_exactmetrics_sitenote_note":"","_exactmetrics_sitenote_category":0},"tags":[],"event_type":[73],"event_type_2":[],"class_list":["post-14135","ajde_events","type-ajde_events","status-publish","has-post-thumbnail","hentry","event_location-goethe-institut","event_type-event-pm"],"_links":{"self":[{"href":"https:\/\/parolesetmusique-lyon.org\/index.php?rest_route=\/wp\/v2\/ajde_events\/14135","targetHints":{"allow":["GET"]}}],"collection":[{"href":"https:\/\/parolesetmusique-lyon.org\/index.php?rest_route=\/wp\/v2\/ajde_events"}],"about":[{"href":"https:\/\/parolesetmusique-lyon.org\/index.php?rest_route=\/wp\/v2\/types\/ajde_events"}],"author":[{"embeddable":true,"href":"https:\/\/parolesetmusique-lyon.org\/index.php?rest_route=\/wp\/v2\/users\/6"}],"replies":[{"embeddable":true,"href":"https:\/\/parolesetmusique-lyon.org\/index.php?rest_route=%2Fwp%2Fv2%2Fcomments&post=14135"}],"wp:featuredmedia":[{"embeddable":true,"href":"https:\/\/parolesetmusique-lyon.org\/index.php?rest_route=\/wp\/v2\/media\/14136"}],"wp:attachment":[{"href":"https:\/\/parolesetmusique-lyon.org\/index.php?rest_route=%2Fwp%2Fv2%2Fmedia&parent=14135"}],"wp:term":[{"taxonomy":"post_tag","embeddable":true,"href":"https:\/\/parolesetmusique-lyon.org\/index.php?rest_route=%2Fwp%2Fv2%2Ftags&post=14135"},{"taxonomy":"event_type","embeddable":true,"href":"https:\/\/parolesetmusique-lyon.org\/index.php?rest_route=%2Fwp%2Fv2%2Fevent_type&post=14135"},{"taxonomy":"event_type_2","embeddable":true,"href":"https:\/\/parolesetmusique-lyon.org\/index.php?rest_route=%2Fwp%2Fv2%2Fevent_type_2&post=14135"}],"curies":[{"name":"wp","href":"https:\/\/api.w.org\/{rel}","templated":true}]}}

<p><strong>Récital de piano</strong></p>





<h3>Programme</h3>
<p>L&rsquo;intégrale des préludes de F. Chopin et R. Schumann, Scènes d&rsquo;enfants.</p>
