{"id":4222,"date":"2018-07-20T10:51:13","date_gmt":"2018-07-20T09:51:13","guid":{"rendered":"http:\/\/parolesetmusique-lyon.org\/?page_id=4222"},"modified":"2024-10-09T17:01:51","modified_gmt":"2024-10-09T16:01:51","slug":"organisation-1","status":"publish","type":"page","link":"https:\/\/parolesetmusique-lyon.org\/?page_id=4222","title":{"rendered":"Organisation"},"content":{"rendered":"<div class=\"flex_column av_one_full  flex_column_div av-zero-column-padding first  avia-builder-el-0  el_before_av_one_half  avia-builder-el-first  \" style='border-radius:0px; '><div  style='padding-bottom:10px; ' class='av-special-heading av-special-heading-h3    avia-builder-el-1  avia-builder-el-no-sibling  '><h3 class='av-special-heading-tag '  itemprop=\"headline\"  >Une association loi 1901<\/h3><div class='special-heading-border'><div class='special-heading-inner-border' ><\/div><\/div><\/div><\/div>\n<div class=\"flex_column av_one_half  flex_column_div av-zero-column-padding first  avia-builder-el-2  el_after_av_one_full  el_before_av_one_half  column-top-margin\" style='border-radius:0px; '><section class=\"av_textblock_section \"  itemscope=\"itemscope\" itemtype=\"https:\/\/schema.org\/CreativeWork\" ><div class='avia_textblock  '  style='font-size:15px; '  itemprop=\"text\" ><p><strong>PAROLES et MUSIQUE Lyon<\/strong> est une Association loi 1901,\u00a0 g\u00e9r\u00e9e par un Conseil d&rsquo;administration, un Bureau et un Comit\u00e9 artistique.<\/p>\n<ul>\n<li style=\"list-style-type: none;\"><\/li>\n<li><strong>Un Conseil d\u2019administration<\/strong><br \/>\navec Genevi\u00e8ve Normand (pr\u00e9sidente), Catherine Darricarr\u00e8re (secr\u00e9taire), Pierre Belmont (tr\u00e9sorier)<br \/>\navec le soutien de Sandrine Haffner et Anne Carrier, administratrices<\/li>\n<li><strong>Un Bureau<\/strong><br \/>\navec Genevi\u00e8ve Normand (pr\u00e9sidente), Catherine Darricarr\u00e8re (secr\u00e9taire), Pierre Belmont (tr\u00e9sorier)<\/li>\n<li><strong>Un Comit\u00e9 artistique<\/strong><\/li>\n<li>et des Ambassadeurs dont la mission est de sensibiliser amis, relations, r\u00e9seaux, contacts divers \u00e0 l&rsquo;objectif de Paroles et Musique Lyon de promouvoir de jeunes interpr\u00e8tes, en cours ou en fin de formation professionnelle<span style=\"color: #000000; font-family: helvetica, arial, sans-serif; font-size: 12pt;\">.<\/span><\/li>\n<\/ul>\n<p><a href=\"https:\/\/parolesetmusique-lyon.org\/wp-content\/uploads\/2016\/08\/Papillon-PM-PNG.png\"><img loading=\"lazy\" decoding=\"async\" class=\"wp-image-1213 aligncenter\" src=\"https:\/\/parolesetmusique-lyon.org\/wp-content\/uploads\/2016\/08\/Papillon-PM-PNG-300x240.png\" alt=\"\" width=\"108\" height=\"86\" srcset=\"https:\/\/parolesetmusique-lyon.org\/wp-content\/uploads\/2016\/08\/Papillon-PM-PNG-300x240.png 300w, https:\/\/parolesetmusique-lyon.org\/wp-content\/uploads\/2016\/08\/Papillon-PM-PNG-768x614.png 768w, https:\/\/parolesetmusique-lyon.org\/wp-content\/uploads\/2016\/08\/Papillon-PM-PNG-1030x824.png 1030w, https:\/\/parolesetmusique-lyon.org\/wp-content\/uploads\/2016\/08\/Papillon-PM-PNG-1500x1200.png 1500w, https:\/\/parolesetmusique-lyon.org\/wp-content\/uploads\/2016\/08\/Papillon-PM-PNG-495x400.png 495w, https:\/\/parolesetmusique-lyon.org\/wp-content\/uploads\/2016\/08\/Papillon-PM-PNG-845x684.png 845w, https:\/\/parolesetmusique-lyon.org\/wp-content\/uploads\/2016\/08\/Papillon-PM-PNG-705x564.png 705w, https:\/\/parolesetmusique-lyon.org\/wp-content\/uploads\/2016\/08\/Papillon-PM-PNG-450x360.png 450w\" sizes=\"auto, (max-width: 108px) 100vw, 108px\" \/><\/a><\/p>\n<\/div><\/section><\/div><div class=\"flex_column av_one_half  flex_column_div av-zero-column-padding   avia-builder-el-4  el_after_av_one_half  avia-builder-el-last  column-top-margin\" style='border-radius:0px; '><section class=\"av_textblock_section \"  itemscope=\"itemscope\" itemtype=\"https:\/\/schema.org\/CreativeWork\" ><div class='avia_textblock  '   itemprop=\"text\" ><p style=\"text-align: center;\"><strong>Une nouvelle \u00e9quipe depuis septembre 2024<\/strong><\/p>\n<\/div><\/section><br \/>\n<div  class='avia-image-container  av-styling- av-hover-grow av-hide-overflow   avia-builder-el-6  el_after_av_textblock  avia-builder-el-last  avia-align-center '  itemprop=\"image\" itemscope=\"itemscope\" itemtype=\"https:\/\/schema.org\/ImageObject\"  ><div class='avia-image-container-inner'><div class='avia-image-overlay-wrap'><img class='avia_image' src='https:\/\/parolesetmusique-lyon.org\/wp-content\/uploads\/2024\/10\/20241009_065016-300x169.jpg' alt='' title='20241009_065016' height=\"169\" width=\"300\"  itemprop=\"thumbnailUrl\"  \/><\/div><\/div><\/div><\/p><\/div><\/p>\n","protected":false},"excerpt":{"rendered":"","protected":false},"author":3,"featured_media":0,"parent":60,"menu_order":1,"comment_status":"closed","ping_status":"closed","template":"","meta":{"_coblocks_attr":"","_coblocks_dimensions":"","_coblocks_responsive_height":"","_coblocks_accordion_ie_support":"","_exactmetrics_skip_tracking":false,"_exactmetrics_sitenote_active":false,"_exactmetrics_sitenote_note":"","_exactmetrics_sitenote_category":0,"footnotes":""},"class_list":["post-4222","page","type-page","status-publish","hentry"],"_links":{"self":[{"href":"https:\/\/parolesetmusique-lyon.org\/index.php?rest_route=\/wp\/v2\/pages\/4222","targetHints":{"allow":["GET"]}}],"collection":[{"href":"https:\/\/parolesetmusique-lyon.org\/index.php?rest_route=\/wp\/v2\/pages"}],"about":[{"href":"https:\/\/parolesetmusique-lyon.org\/index.php?rest_route=\/wp\/v2\/types\/page"}],"author":[{"embeddable":true,"href":"https:\/\/parolesetmusique-lyon.org\/index.php?rest_route=\/wp\/v2\/users\/3"}],"replies":[{"embeddable":true,"href":"https:\/\/parolesetmusique-lyon.org\/index.php?rest_route=%2Fwp%2Fv2%2Fcomments&post=4222"}],"version-history":[{"count":56,"href":"https:\/\/parolesetmusique-lyon.org\/index.php?rest_route=\/wp\/v2\/pages\/4222\/revisions"}],"predecessor-version":[{"id":13852,"href":"https:\/\/parolesetmusique-lyon.org\/index.php?rest_route=\/wp\/v2\/pages\/4222\/revisions\/13852"}],"up":[{"embeddable":true,"href":"https:\/\/parolesetmusique-lyon.org\/index.php?rest_route=\/wp\/v2\/pages\/60"}],"wp:attachment":[{"href":"https:\/\/parolesetmusique-lyon.org\/index.php?rest_route=%2Fwp%2Fv2%2Fmedia&parent=4222"}],"curies":[{"name":"wp","href":"https:\/\/api.w.org\/{rel}","templated":true}]}}

<div class="flex_column av_one_full  flex_column_div av-zero-column-padding first  avia-builder-el-0  el_before_av_one_half  avia-builder-el-first  " style='border-radius:0px; '><div  style='padding-bottom:10px; ' class='av-special-heading av-special-heading-h3    avia-builder-el-1  avia-builder-el-no-sibling  '><h3 class='av-special-heading-tag '  itemprop="headline"  >Une association loi 1901</h3><div class='special-heading-border'><div class='special-heading-inner-border' ></div></div></div></div>
<div class="flex_column av_one_half  flex_column_div av-zero-column-padding first  avia-builder-el-2  el_after_av_one_full  el_before_av_one_half  column-top-margin" style='border-radius:0px; '><section class="av_textblock_section "  itemscope="itemscope" itemtype="https://schema.org/CreativeWork" ><div class='avia_textblock  '  style='font-size:15px; '  itemprop="text" ><p><strong>PAROLES et MUSIQUE Lyon</strong> est une Association loi 1901,  gérée par un Conseil d&rsquo;administration, un Bureau et un Comité artistique.</p>
<ul>
<li style="list-style-type: none;"></li>
<li><strong>Un Conseil d’administration</strong><br />
avec Geneviève Normand (présidente), Catherine Darricarrère (secrétaire), Pierre Belmont (trésorier)<br />
avec le soutien de Sandrine Haffner et Anne Carrier, administratrices</li>
<li><strong>Un Bureau</strong><br />
avec Geneviève Normand (présidente), Catherine Darricarrère (secrétaire), Pierre Belmont (trésorier)</li>
<li><strong>Un Comité artistique</strong></li>
<li>et des Ambassadeurs dont la mission est de sensibiliser amis, relations, réseaux, contacts divers à l&rsquo;objectif de Paroles et Musique Lyon de promouvoir de jeunes interprètes, en cours ou en fin de formation professionnelle<span style="color: #000000; font-family: helvetica, arial, sans-serif; font-size: 12pt;">.</span></li>
</ul>
<p><a href="https://parolesetmusique-lyon.org/wp-content/uploads/2016/08/Papillon-PM-PNG.png"><img loading="lazy" decoding="async" class="wp-image-1213 aligncenter" src="https://parolesetmusique-lyon.org/wp-content/uploads/2016/08/Papillon-PM-PNG-300x240.png" alt="" width="108" height="86" srcset="https://parolesetmusique-lyon.org/wp-content/uploads/2016/08/Papillon-PM-PNG-300x240.png 300w, https://parolesetmusique-lyon.org/wp-content/uploads/2016/08/Papillon-PM-PNG-768x614.png 768w, https://parolesetmusique-lyon.org/wp-content/uploads/2016/08/Papillon-PM-PNG-1030x824.png 1030w, https://parolesetmusique-lyon.org/wp-content/uploads/2016/08/Papillon-PM-PNG-1500x1200.png 1500w, https://parolesetmusique-lyon.org/wp-content/uploads/2016/08/Papillon-PM-PNG-495x400.png 495w, https://parolesetmusique-lyon.org/wp-content/uploads/2016/08/Papillon-PM-PNG-845x684.png 845w, https://parolesetmusique-lyon.org/wp-content/uploads/2016/08/Papillon-PM-PNG-705x564.png 705w, https://parolesetmusique-lyon.org/wp-content/uploads/2016/08/Papillon-PM-PNG-450x360.png 450w" sizes="auto, (max-width: 108px) 100vw, 108px" /></a></p>
</div></section></div><div class="flex_column av_one_half  flex_column_div av-zero-column-padding   avia-builder-el-4  el_after_av_one_half  avia-builder-el-last  column-top-margin" style='border-radius:0px; '><section class="av_textblock_section "  itemscope="itemscope" itemtype="https://schema.org/CreativeWork" ><div class='avia_textblock  '   itemprop="text" ><p style="text-align: center;"><strong>Une nouvelle équipe depuis septembre 2024</strong></p>
</div></section><br />
<div  class='avia-image-container  av-styling- av-hover-grow av-hide-overflow   avia-builder-el-6  el_after_av_textblock  avia-builder-el-last  avia-align-center '  itemprop="image" itemscope="itemscope" itemtype="https://schema.org/ImageObject"  ><div class='avia-image-container-inner'><div class='avia-image-overlay-wrap'><img class='avia_image' src='https://parolesetmusique-lyon.org/wp-content/uploads/2024/10/20241009_065016-300x169.jpg' alt='' title='20241009_065016' height="169" width="300"  itemprop="thumbnailUrl"  /></div></div></div></p></div></p>
