{"id":50,"date":"2024-07-28T08:34:54","date_gmt":"2024-07-28T07:34:54","guid":{"rendered":"http:\/\/parolesetmusique-lyon.org\/?page_id=50"},"modified":"2026-03-25T20:23:28","modified_gmt":"2026-03-25T19:23:28","slug":"contenu-du-site","status":"publish","type":"page","link":"https:\/\/parolesetmusique-lyon.org\/","title":{"rendered":"Accueil"},"content":{"rendered":"<div id='full_slider_1'  class='avia-fullwidth-slider main_color avia-shadow   avia-builder-el-0  el_before_av_one_fourth  avia-builder-el-first   container_wrap sidebar_right' style=' '  ><div   data-size='featured'  data-lightbox_size='large'  data-animation='slide'  data-conditional_play=''  data-ids='14163,14043'  data-video_counter='0'  data-autoplay='true'  data-bg_slider='false'  data-slide_height=''  data-handle='av_slideshow_full'  data-interval='5'  data-class=' '  data-el_id=''  data-css_id=''  data-scroll_down=''  data-control_layout='av-control-default'  data-custom_markup=''  data-perma_caption='aviaTBperma_caption'  data-autoplay_stopper=''  data-image_attachment=''  data-min_height='0px'  data-src=''  data-position='top left'  data-repeat='no-repeat'  data-attach='scroll'  data-stretch=''  data-default-height='28.666666666667'  class='avia-slideshow avia-slideshow-1  av-control-default av-default-height-applied avia-slideshow-featured av_slideshow_full   avia-slide-slider '  itemprop=\"image\" itemscope=\"itemscope\" itemtype=\"https:\/\/schema.org\/ImageObject\" ><ul class='avia-slideshow-inner ' style='padding-bottom: 28.666666666667%;' ><li  class=' slide-1 ' ><div data-rel='slideshow-1' class='avia-slide-wrap '   ><img src='https:\/\/parolesetmusique-lyon.org\/wp-content\/uploads\/2026\/02\/visuelweb-saison2025-avril-1500x430.jpg' width='1500' height='430' title='visuelweb-saison2025-avril' alt=''  itemprop=\"thumbnailUrl\"   \/><\/div><\/li><li  class=' slide-2 ' ><div data-rel='slideshow-1' class='avia-slide-wrap '   ><img src='https:\/\/parolesetmusique-lyon.org\/wp-content\/uploads\/2025\/07\/visuelweb-saison2025-1-1500x430.jpg' width='1500' height='430' title='visuelweb-saison2025-1' alt=''  itemprop=\"thumbnailUrl\"   \/><\/div><\/li><\/ul><div class='avia-slideshow-arrows avia-slideshow-controls'><a href='#prev' class='prev-slide' aria-hidden='true' data-av_icon='\ue87c' data-av_iconfont='entypo-fontello'>Pr\u00e9c\u00e9dent<\/a><a href='#next' class='next-slide' aria-hidden='true' data-av_icon='\ue87d' data-av_iconfont='entypo-fontello'>Suivant<\/a><\/div><div class='avia-slideshow-dots avia-slideshow-controls'><a href='#1' class='goto-slide active' >1<\/a><a href='#2' class='goto-slide ' >2<\/a><\/div><div class = \"caption_fullwidth av-slideshow-caption caption_bottom\"><div class = \"container caption_container\"><div class = \"slideshow_caption\"><div class = \"slideshow_inner_caption\"><div class = \"slideshow_align_caption\"><a href='https:\/\/parolesetmusique-lyon.org\/?ajde_events=les-etudiants-du-cnsmd-de-lyon'  class='avia-slideshow-button avia-button avia-color-light avia-multi-slideshow-button' data-duration='800' data-easing='easeInOutQuad'>Infos<\/a><a href='https:\/\/www.helloasso.com\/associations\/paroles-et-musique-lyon\/evenements\/trio-d-anches-et-quintette-a-vent'  class='avia-slideshow-button avia-button avia-color-light avia-multi-slideshow-button avia-slideshow-button-2' data-duration='800' data-easing='easeInOutQuad'>Billetterie<\/a><\/div><\/div><\/div><\/div><\/div><\/div><\/div><div id='after_full_slider_1'  class='main_color av_default_container_wrap container_wrap sidebar_right' style=' '  ><div class='container' ><div class='template-page content  av-content-small alpha units'><div class='post-entry post-entry-type-page post-entry-50'><div class='entry-content-wrapper clearfix'>\n<div class=\"flex_column av_one_fourth  flex_column_div av-zero-column-padding first  avia-builder-el-1  el_after_av_slideshow_full  el_before_av_one_fourth  avia-builder-el-first  \" style='border-radius:0px; '><p><div  style='padding-bottom:10px; ' class='av-special-heading av-special-heading-h3    avia-builder-el-2  el_before_av_textblock  avia-builder-el-first  '><h3 class='av-special-heading-tag '  itemprop=\"headline\"  >Retrouvez le bulletin d\u2019information du mois de mars 2026<\/h3><div class='special-heading-border'><div class='special-heading-inner-border' ><\/div><\/div><\/div><br \/>\n<section class=\"av_textblock_section \"  itemscope=\"itemscope\" itemtype=\"https:\/\/schema.org\/CreativeWork\" ><div class='avia_textblock  '   itemprop=\"text\" ><p><a href=\"https:\/\/parolesetmusique-lyon.org\/wp-content\/uploads\/2026\/03\/BULLETIN-MARS-2026.pdf\">Bulletin Mars 2026<\/a><\/p>\n<p><a href=\"https:\/\/parolesetmusique-lyon.org\/wp-content\/uploads\/2026\/03\/BULLETIN-MARS-2026-scaled.jpg\" target=\"_blank\" rel=\"noopener\"><img loading=\"lazy\" decoding=\"async\" class=\"alignnone wp-image-14187 size-medium\" src=\"https:\/\/parolesetmusique-lyon.org\/wp-content\/uploads\/2026\/03\/BULLETIN-MARS-2026-232x300.jpg\" alt=\"\" width=\"232\" height=\"300\" srcset=\"https:\/\/parolesetmusique-lyon.org\/wp-content\/uploads\/2026\/03\/BULLETIN-MARS-2026-232x300.jpg 232w, https:\/\/parolesetmusique-lyon.org\/wp-content\/uploads\/2026\/03\/BULLETIN-MARS-2026-796x1030.jpg 796w, https:\/\/parolesetmusique-lyon.org\/wp-content\/uploads\/2026\/03\/BULLETIN-MARS-2026-768x994.jpg 768w, https:\/\/parolesetmusique-lyon.org\/wp-content\/uploads\/2026\/03\/BULLETIN-MARS-2026-1187x1536.jpg 1187w, https:\/\/parolesetmusique-lyon.org\/wp-content\/uploads\/2026\/03\/BULLETIN-MARS-2026-1583x2048.jpg 1583w, https:\/\/parolesetmusique-lyon.org\/wp-content\/uploads\/2026\/03\/BULLETIN-MARS-2026-1159x1500.jpg 1159w, https:\/\/parolesetmusique-lyon.org\/wp-content\/uploads\/2026\/03\/BULLETIN-MARS-2026-545x705.jpg 545w, https:\/\/parolesetmusique-lyon.org\/wp-content\/uploads\/2026\/03\/BULLETIN-MARS-2026-scaled.jpg 1978w\" sizes=\"auto, (max-width: 232px) 100vw, 232px\" \/><\/a><a href=\"https:\/\/parolesetmusique-lyon.org\/wp-content\/uploads\/2026\/03\/BULLETIN-MARS-2026.pdf\">BULLETIN MARS 2026<\/a><\/p>\n<\/div><\/section><\/p><\/div><div class=\"flex_column av_one_fourth  flex_column_div av-zero-column-padding   avia-builder-el-4  el_after_av_one_fourth  el_before_av_one_half  \" style='border-radius:0px; '><section class=\"av_textblock_section \"  itemscope=\"itemscope\" itemtype=\"https:\/\/schema.org\/CreativeWork\" ><div class='avia_textblock  '   itemprop=\"text\" ><p><a href=\"https:\/\/parolesetmusique-lyon.org\/wp-content\/uploads\/2025\/07\/couverture-plaquette2025-2026-scaled.jpg\"><img loading=\"lazy\" decoding=\"async\" class=\"wp-image-14051 size-medium aligncenter\" src=\"https:\/\/parolesetmusique-lyon.org\/wp-content\/uploads\/2025\/07\/couverture-plaquette2025-2026-143x300.jpg\" alt=\"\" width=\"143\" height=\"300\" srcset=\"https:\/\/parolesetmusique-lyon.org\/wp-content\/uploads\/2025\/07\/couverture-plaquette2025-2026-143x300.jpg 143w, https:\/\/parolesetmusique-lyon.org\/wp-content\/uploads\/2025\/07\/couverture-plaquette2025-2026-490x1030.jpg 490w, https:\/\/parolesetmusique-lyon.org\/wp-content\/uploads\/2025\/07\/couverture-plaquette2025-2026-768x1613.jpg 768w, https:\/\/parolesetmusique-lyon.org\/wp-content\/uploads\/2025\/07\/couverture-plaquette2025-2026-731x1536.jpg 731w, https:\/\/parolesetmusique-lyon.org\/wp-content\/uploads\/2025\/07\/couverture-plaquette2025-2026-975x2048.jpg 975w, https:\/\/parolesetmusique-lyon.org\/wp-content\/uploads\/2025\/07\/couverture-plaquette2025-2026-714x1500.jpg 714w, https:\/\/parolesetmusique-lyon.org\/wp-content\/uploads\/2025\/07\/couverture-plaquette2025-2026-336x705.jpg 336w, https:\/\/parolesetmusique-lyon.org\/wp-content\/uploads\/2025\/07\/couverture-plaquette2025-2026-scaled.jpg 1219w\" sizes=\"auto, (max-width: 143px) 100vw, 143px\" \/><\/a><\/p>\n<p style=\"text-align: center;\"><a href=\"https:\/\/parolesetmusique-lyon.org\/wp-content\/uploads\/2025\/07\/plaquette2025-2026-web.pdf\">T\u00e9l\u00e9charger la plaquette de saison<\/a><\/p>\n<p style=\"text-align: center;\"><a href=\"https:\/\/parolesetmusique-lyon.org\/wp-content\/uploads\/2025\/07\/adhesion-2025-2026-web.pdf\">T\u00e9l\u00e9charger le bulletin d&rsquo;adh\u00e9sion<\/a><\/p>\n<\/div><\/section><\/div><\/p>\n<div class=\"flex_column av_one_half  flex_column_div av-zero-column-padding   avia-builder-el-6  el_after_av_one_fourth  el_before_av_hr  \" style='border-radius:0px; '><\/div>\n<div   class='hr hr-default   avia-builder-el-8  el_after_av_one_half  el_before_av_one_half '><span class='hr-inner ' ><span class='hr-inner-style'><\/span><\/span><\/div>\n<div class=\"flex_column av_one_half  flex_column_div av-zero-column-padding first  avia-builder-el-9  el_after_av_hr  el_before_av_one_half  \" style='border-radius:0px; '><section class=\"av_textblock_section \"  itemscope=\"itemscope\" itemtype=\"https:\/\/schema.org\/CreativeWork\" ><div class='avia_textblock  '   itemprop=\"text\" ><h5 class=\"gmail_default\"><strong>Quelle magnifique surprise que le concert du 19 juin !<\/strong><\/h5>\n<div><\/div>\n<div><\/div>\n<p>Des adh\u00e9rents accueillants nous ont ouvert leur maison avec g\u00e9n\u00e9rosit\u00e9 : merci infiniment \u00e0 eux.<\/p>\n<p>Les 7 musiciens de l&rsquo;ensemble \u00e0 vent, le <strong>\u00ab\u00a0BURGUNDY BRASS SEPTET\u00a0\u00bb<\/strong>, nous ont enchant\u00e9s.<\/p>\n<p>L&rsquo;ambiance fut d\u00e9contract\u00e9e et la musique entra\u00eenante avec principalement des airs populaires et de la musique de films. Morceaux souvent arrang\u00e9s par les musiciens eux-m\u00eames.<\/p>\n<p>Le public tr\u00e8s attentif a appr\u00e9ci\u00e9 de pouvoir d\u00e9couvrir les cuivres dans toute leur majest\u00e9, alors que ces instruments souvent pr\u00e9sents dans l&rsquo;orchestre sont rarement solistes.<\/p>\n<p>Apr\u00e8s cette magistrale prestation, chacun a pu avoir un \u00e9change avec les musiciens, notamment sur la technique du souffle propre \u00e0 chaque instrument \u00e0 vent, essentielle pour \u00ab\u00a0jouer juste\u00a0\u00bb.<\/p>\n<p><strong>Notre belle et chaude soir\u00e9e s&rsquo;est conclue joyeusement autour du verre de l&rsquo;amiti\u00e9.<\/strong><\/p>\n<p><em><strong>Les musiciens de la soir\u00e9e:<br \/>\n<\/strong><\/em>Fran\u00e7ois FREMEAU et Mehdi MERCIER : trompettes<br \/>\nVincent BOURGEOIS et Otavio GAILLARD-CORREA : trombones<br \/>\nFr\u00e9d\u00e9ric HECHLER et Aude BOURGEOIS : cors<br \/>\nYoan CUZENARD : tuba<\/p>\n<\/div><\/section><\/div>\n<div class=\"flex_column av_one_half  flex_column_div av-zero-column-padding   avia-builder-el-11  el_after_av_one_half  el_before_av_hr  \" style='border-radius:0px; '><div  class='avia-image-container  av-styling- av-hover-grow   avia-builder-el-12  avia-builder-el-no-sibling  avia-align-center '  itemprop=\"image\" itemscope=\"itemscope\" itemtype=\"https:\/\/schema.org\/ImageObject\"  ><div class='avia-image-container-inner'><div class='avia-image-overlay-wrap'><img class='avia_image' src='https:\/\/parolesetmusique-lyon.org\/wp-content\/uploads\/2025\/07\/actu-juin-1-300x225.jpeg' alt='' title='actu-juin-1' height=\"225\" width=\"300\"  itemprop=\"thumbnailUrl\"  \/><\/div><\/div><\/div><\/div>\n<div   class='hr hr-default   avia-builder-el-13  el_after_av_one_half  el_before_av_one_full '><span class='hr-inner ' ><span class='hr-inner-style'><\/span><\/span><\/div>\n<div class=\"flex_column av_one_full  flex_column_div av-zero-column-padding first  avia-builder-el-14  el_after_av_hr  el_before_av_contact  \" style='border-radius:0px; '><section class=\"av_textblock_section \"  itemscope=\"itemscope\" itemtype=\"https:\/\/schema.org\/CreativeWork\" ><div class='avia_textblock  '   itemprop=\"text\" ><p style=\"text-align: center;\"><span style=\"font-size: 14pt; color: #000000;\">Notre association <\/span><span style=\"font-size: 14pt; color: #000000;\">soutient et accompagne des jeunes musiciens de talent,<br \/>\nen cours ou en fin de formation professionnelle.<br \/>\nPour nous permettre de d\u00e9velopper de nouveaux projets,<br \/>\nvenez les \u00e9couter, et devenez adh\u00e9rents de<br \/>\n<strong>Paroles et Musique Lyon<\/strong> !\u00a0<\/span><\/p>\n<p class=\"p1\"><iframe id=\"haWidget\" style=\"width: 100%; height: 70px; border: none;\" src=\"https:\/\/www.helloasso.com\/associations\/paroles-et-musique-lyon\/adhesions\/adhesion-et-amis-de-paroles-et-musique-lyon\/widget-bouton\"><\/iframe><span class=\"Apple-converted-space\">\u00a0<\/span><\/p>\n<\/div><\/section><\/div>\n<form action=\"https:\/\/parolesetmusique-lyon.org\/\" method=\"post\"  class=\"avia_ajax_form av-form-labels-visible   avia-builder-el-16  el_after_av_one_full  avia-builder-el-last   \" data-avia-form-id=\"1\" data-avia-redirect='' ><h3 class=''>Envoyez-nous un mail<\/h3><fieldset><p class=' first_form  form_element form_fullwidth' id='element_avia_1_1'><label for=\"avia_1_1\">Nom <abbr class=\"required\" title=\"requis\">*<\/abbr><\/label> <input name=\"avia_1_1\" class=\"text_input is_empty\" type=\"text\" id=\"avia_1_1\" value=\"\" \/><\/p><p class=' first_form  form_element form_fullwidth' id='element_avia_2_1'><label for=\"avia_2_1\">Adresse mail <abbr class=\"required\" title=\"requis\">*<\/abbr><\/label> <input name=\"avia_2_1\" class=\"text_input is_email\" type=\"text\" id=\"avia_2_1\" value=\"\" \/><\/p><p class=' first_form  form_element form_fullwidth' id='element_avia_3_1'><label for=\"avia_3_1\">Sujet <abbr class=\"required\" title=\"requis\">*<\/abbr><\/label> <input name=\"avia_3_1\" class=\"text_input is_empty\" type=\"text\" id=\"avia_3_1\" value=\"\" \/><\/p><p class=' first_form  form_element form_fullwidth av-last-visible-form-element' id='element_avia_4_1'>\t <label for=\"avia_4_1\" class=\"textare_label hidden textare_label_avia_4_1\">Message <abbr class=\"required\" title=\"requis\">*<\/abbr><\/label>\t <textarea  name=\"avia_4_1\" class=\"text_area is_empty\" cols=\"40\" rows=\"7\" id=\"avia_4_1\" ><\/textarea><\/p><p class=\"hidden\"><input type=\"text\" name=\"avia_5_1\" class=\"hidden \" id=\"avia_5_1\" value=\"\" \/><\/p><p class=\"form_element \"><input type=\"hidden\" value=\"1\" name=\"avia_generated_form1\" \/><input type=\"submit\" value=\"Valider\" class=\"button\"  data-sending-label=\"Envoi\"\/><\/p><\/fieldset><div class=\"avia-disabled-forn\">This contact form is deactivated because you refused to accept Google reCaptcha service which is necessary to validate any messages sent by the form.<\/div><\/form><div id=\"ajaxresponse_1\" class=\"ajaxresponse ajaxresponse_1 hidden\"><\/div>\n","protected":false},"excerpt":{"rendered":"","protected":false},"author":7,"featured_media":0,"parent":0,"menu_order":0,"comment_status":"closed","ping_status":"closed","template":"","meta":{"_coblocks_attr":"","_coblocks_dimensions":"","_coblocks_responsive_height":"","_coblocks_accordion_ie_support":"","_exactmetrics_skip_tracking":false,"_exactmetrics_sitenote_active":false,"_exactmetrics_sitenote_note":"","_exactmetrics_sitenote_category":0,"footnotes":""},"class_list":["post-50","page","type-page","status-publish","hentry"],"_links":{"self":[{"href":"https:\/\/parolesetmusique-lyon.org\/index.php?rest_route=\/wp\/v2\/pages\/50","targetHints":{"allow":["GET"]}}],"collection":[{"href":"https:\/\/parolesetmusique-lyon.org\/index.php?rest_route=\/wp\/v2\/pages"}],"about":[{"href":"https:\/\/parolesetmusique-lyon.org\/index.php?rest_route=\/wp\/v2\/types\/page"}],"author":[{"embeddable":true,"href":"https:\/\/parolesetmusique-lyon.org\/index.php?rest_route=\/wp\/v2\/users\/7"}],"replies":[{"embeddable":true,"href":"https:\/\/parolesetmusique-lyon.org\/index.php?rest_route=%2Fwp%2Fv2%2Fcomments&post=50"}],"version-history":[{"count":926,"href":"https:\/\/parolesetmusique-lyon.org\/index.php?rest_route=\/wp\/v2\/pages\/50\/revisions"}],"predecessor-version":[{"id":14190,"href":"https:\/\/parolesetmusique-lyon.org\/index.php?rest_route=\/wp\/v2\/pages\/50\/revisions\/14190"}],"wp:attachment":[{"href":"https:\/\/parolesetmusique-lyon.org\/index.php?rest_route=%2Fwp%2Fv2%2Fmedia&parent=50"}],"curies":[{"name":"wp","href":"https:\/\/api.w.org\/{rel}","templated":true}]}}